y 20407.
147
Calculate the remainder when 17141 is divided by 1137.
86
Calculate the remainder when 14961 is divided by 45.
21
What is the remainder when 31036 is divided by 14?
12
Calculate the remainder when 136438 is divided by 9738.
106
Calculate the remainder when 2327 is divided by 189.
59
What is the remainder when 77904 is divided by 650?
554
What is the remainder when 5510 is divided by 321?
53
What is the remainder when 306986 is divided by 9?
5
Calculate the remainder when 21735 is divided by 3620.
15
What is the remainder when 11297 is divided by 23?
4
Calculate the remainder when 12504 is divided by 254.
58
What is the remainder when 2085887 is divided by 336?
335
Calculate the remainder when 47981 is divided by 70.
31
Calculate the remainder when 8230 is divided by 685.
10
What is the remainder when 98647 is divided by 57?
37
Calculate the remainder when 2477 is divided by 308.
13
Calculate the remainder when 250759 is divided by 216.
199
Calculate the remainder when 3831 is divided by 1699.
433
Calculate the remainder when 5655 is divided by 892.
303
Calculate the remainder when 22989 is divided by 7657.
18
What is the remainder when 8034 is divided by 471?
27
What is the remainder when 8820 is divided by 2937?
9
What is the remainder when 20835 is divided by 833?
10
Calculate the remainder when 1461 is divided by 395.
276
What is the remainder when 1844 is divided by 1606?
238
What is the remainder when 13492 is divided by 207?
37
Calculate the remainder when 186571 is divided by 442.
47
Calculate the remainder when 1601 is divided by 65.
41
Calculate the remainder when 163320 is divided by 163314.
6
Calculate the remainder when 55274 is divided by 74.
70
Calculate the remainder when 4135 is divided by 101.
95
What is the remainder when 2575 is divided by 286?
1
What is the remainder when 1376 is divided by 31?
12
What is the remainder when 13852 is divided by 4578?
118
Calculate the remainder when 5318 is divided by 5272.
46
What is the remainder when 81775 is divided by 31?
28
Calculate the remainder when 2997 is divided by 429.
423
Calculate the remainder when 178131 is divided by 22.
19
Calculate the remainder when 24105 is divided by 5988.
153
What is the remainder when 28208 is divided by 9369?
101
Calculate the remainder when 38454 is divided by 9613.
2
Calculate the remainder when 102916 is divided by 10291.
6
What is the remainder when 186729 is divided by 27?
24
Calculate the remainder when 13599 is divided by 4487.
138
What is the remainder when 411767 is divided by 774?
773
Calculate the remainder when 14362 is divided by 40.
2
What is the remainder when 473 is divided by 88?
33
Calculate the remainder when 935 is divided by 269.
128
What is the remainder when 568 is divided by 125?
68
Calculate the remainder when 2212 is divided by 344.
148
Calculate the remainder when 34395 is divided by 3016.
1219
What is the remainder when 167109 is divided by 3481?
21
Calculate the remainder when 270 is divided by 249.
21
Calculate the remainder when 10892 is divided by 210.
182
Calculate the remainder when 6518 is divided by 154.
50
Calculate the remainder when 452195 is divided by 53.
52
Calculate the remainder when 1425843 is divided by 53.
37
What is the remainder when 1661 is divided by 176?
77
What is the remainder when 269948 is divided by 96?
92
Calculate the remainder when 5457 is divided by 121.
12
What is the remainder when 12909 is divided by 3227?
1
Calculate the remainder when 92306 is divided by 102.
98
Calculate the remainder when 8727 is divided by 456.
63
What is the remainder when 21524 is divided by 10737?
50
What is the remainder when 29746 is divided by 34?
30
Calculate the remainder when 2213 is divided by 242.
35
Calculate the remainder when 2951 is divided by 929.
164
What is the remainder when 41142 is divided by 548?
42
Calculate the remainder when 534006 is divided by 38.
30
What is the remainder when 33743 is divided by 844?
827
Calculate the remainder when 129243 is divided by 158.
157
What is the remainder when 1663 is divided by 330?
13
Calculate the remainder when 2733 is divided by 2694.
39
Calculate the remainder when 8534 is divided by 795.
584
What is the remainder when 1246 is divided by 38?
30
What is the remainder when 280373 is divided by 553?
2
Calculate the remainder when 1614 is divided by 484.
162
Calculate the remainder when 4854 is divided by 115.
24
What is the remainder when 104826 is divided by 22?
18
What is the remainder when 119032 is divided by 306?
304
What is the remainder when 13329 is divided by 4438?
15
Calculate the remainder when 1510437 is divided by 41.
38
What is the remainder when 5117 is divided by 82?
33
Calculate the remainder when 5729 is divided by 1103.
214
Calculate the remainder when 5937 is divided by 5627.
310
Calculate the remainder when 8854 is divided by 36.
34
What is the remainder when 27896 is divided by 13946?
4
Calculate the remainder when 76456 is divided by 177.
169
Calculate the remainder when 14301 is divided by 3572.
13
What is the remainder when 47077 is divided by 3612?
121
Calculate the remainder when 364241 is divided by 467.
448
Calculate the remainder when 13139 is divided by 18.
17
Calculate the remainder when 1191 is divided by 60.
51
Calculate the remainder when 44972 is divided by 25.
22
What is the remainder when 36079 is divided by 90?
79
What is the remainder when 1805 is divided by 240?
125
Calculate the remainder when 21727 is divided by 1297.
975
What is the remainder when 79284 is divided by 187?
183
Calculate the remainder when 20630 is divided by 404.
26
Calculate the remainder when 4277 is divided by 1681.
915
What is the remainder when 1443 is divided by 704?
35
What is the remainder when 69749 is divided by 22?
9
Calculate the remainder when 11499 is divided by 1395.
339
What is the remainder when 1916 is divided by 126?
26
Calculate the remainder when 4894 is divided by 408.
406
What is the remainder when 25622 is divided by 41?
38
Calculate the remainder when 2670 is divided by 384.
366
Calculate the remainder when 35259 is divided by 17615.
29
Calculate the remainder when 1734 is divided by 314.
164
Calculate the remainder when 39672 is divided by 91.
87
Calculate the remainder when 92088 is divided by 59.
48
What is the remainder when 17127 is divided by 552?
15
What is the remainder when 887 is divided by 18?
5
Calculate the remainder when 104841 is divided by 721.
296
Calculate the remainder when 653 is divided by 30.
23
Calculate the remainder when 1436 is divided by 39.
32
Calculate the remainder when 84515 is divided by 12.
11
What is the remainder when 203156 is divided by 157?
155
What is the remainder when 215012 is divided by 578?
574
What is the remainder when 672 is divided by 45?
42
Calculate the remainder when 1610 is divided by 415.
365
What is the remainder when 23403 is divided by 11687?
29
Calculate the remainder when 49341 is divided by 26.
19
Calculate the remainder when 685 is divided by 41.
29
Calculate the remainder when 66753 is divided by 309.
9
Calculate the remainder when 330003 is divided by 422.
421
Calculate the remainder when 17801 is divided by 1616.
25
What is the remainder when 3676463 is divided by 1899?
1898
Calculate the remainder when 546957 is divided by 5.
2
Calculate the remainder when 568 is divided by 313.
255
What is the remainder when 9155 is divided by 4470?
215
Calculate the remainder when 17236 is divided by 203.
184
What is the remainder when 25018 is divided by 492?
418
What is the remainder when 11271471 is divided by 109?
108
What is the remainder when 1690181 is divided by 186?
185
What is the remainder when 1217569 is divided by 1173?
1168
Calculate the remainder when 7251 is divided by 14.
13
What is the remainder when 2074 is divided by 812?
450
Calculate the remainder when 7948 is divided by 13.
5
What is the remainder when 36629 is divided by 12199?
32
Calculate the remainder when 767 is divided by 151.
12
What is the remainder when 15350 is divided by 1533?
20
Calculate the remainder when 14425 is divided by 90.
25
Calculate the remainder when 1758 is divided by 16.
14
What is the remainder when 91717 is divided by 3057?
7
Calculate the remainder when 39